se 10?
-5
-15 (base 7) to base 4
-30
Convert -3 (base 9) to base 8.
-3
170 (base 11) to base 14
102
Convert 2 (base 6) to base 2.
10
1000 (base 3) to base 4
123
-1 (base 4) to base 16
-1
24 (base 6) to base 15
11
Convert -4a (base 12) to base 9.
-64
Convert 101100 (base 2) to base 15.
2e
Convert 143 (base 5) to base 12.
40
What is 7 (base 15) in base 8?
7
1112 (base 5) to base 8
235
6 (base 14) to base 6
10
-82 (base 11) to base 8
-132
Convert -4 (base 6) to base 12.
-4
Convert 2 (base 7) to base 6.
2
-1c (base 13) to base 10
-25
What is 47 (base 16) in base 9?
78
What is 3 (base 12) in base 16?
3
Convert -10 (base 3) to base 5.
-3
What is -250 (base 12) in base 13?
-20a
Convert -35 (base 9) to base 3.
-1012
What is -114 (base 6) in base 12?
-3a
What is 45 (base 10) in base 16?
2d
What is 27 (base 9) in base 15?
1a
-68 (base 11) to base 3
-2202
Convert -1 (base 5) to base 6.
-1
What is 14 (base 13) in base 10?
17
32 (base 8) to base 6
42
What is -5 (base 15) in base 9?
-5
-1 (base 5) to base 2
-1
0 (base 2) to base 9
0
Convert 13 (base 14) to base 16.
11
1 (base 10) to base 5
1
Convert 113 (base 4) to base 2.
10111
What is 0 (base 9) in base 16?
0
39 (base 16) to base 11
52
Convert -67 (base 14) to base 3.
-10101
What is -11 (base 9) in base 12?
-a
42 (base 13) to base 8
66
Convert 76 (base 12) to base 7.
156
Convert -10 (base 7) to base 16.
-7
Convert -114 (base 5) to base 2.
-100010
Convert -151 (base 12) to base 7.
-412
-152 (base 6) to base 5
-233
What is -8c (base 13) in base 4?
-1310
What is -3 (base 4) in base 16?
-3
Convert -1100 (base 2) to base 7.
-15
232 (base 4) to base 15
31
Convert a7 (base 14) to base 10.
147
What is -5 (base 14) in base 5?
-10
-12 (base 6) to base 7
-11
What is -100101 (base 2) in base 7?
-52
What is 5 (base 8) in base 6?
5
b (base 14) to base 15
b
Convert a (base 14) to base 10.
10
What is -230 (base 7) in base 14?
-87
Convert -20 (base 4) to base 9.
-8
Convert 224 (base 6) to base 2.
1011000
Convert -2 (base 10) to base 11.
-2
-53 (base 9) to base 7
-66
-100 (base 3) to base 8
-11
Convert -1 (base 10) to base 7.
-1
-3 (base 7) to base 15
-3
What is -26 (base 8) in base 12?
-1a
-3 (base 14) to base 6
-3
-110 (base 4) to base 14
-16
Convert 74 (base 12) to base 13.
6a
1 (base 15) to base 3
1
53 (base 7) to base 6
102
What is -293 (base 12) in base 16?
-18f
What is 110111 (base 2) in base 11?
50
What is 7 (base 12) in base 14?
7
Convert -11 (base 12) to base 6.
-21
Convert -43 (base 6) to base 5.
-102
-2 (base 8) to base 6
-2
Convert 41 (base 10) to base 8.
51
Convert 10100010 (base 2) to base 11.
138
4 (base 10) to base 3
11
What is 28 (base 9) in base 3?
222
What is 0 (base 6) in base 4?
0
Convert -6 (base 10) to base 16.
-6
Convert -113 (base 6) to base 2.
-101101
2 (base 7) to base 4
2
Convert 1 (base 14) to base 12.
1
13 (base 8) to base 14
b
What is -75 (base 8) in base 6?
-141
Convert 4 (base 8) to base 9.
4
Convert -25 (base 13) to base 15.
-21
4 (base 6) to base 14
4
-2 (base 16) to base 15
-2
-336 (base 11) to base 7
-1113
20 (base 5) to base 6
14
-7 (base 8) to base 9
-7
-10000 (base 2) to base 11
-15
Convert -4 (base 14) to base 15.
-4
What is -47 (base 15) in base 5?
-232
Convert -2 (base 16) to base 6.
-2
What is -1100 (base 2) in base 5?
-22
10 (base 6) to base 5
11
121 (base 7) to base 2
1000000
What is 17 (base 10) in base 6?
25
What is 2a (base 11) in base 13?
26
-42 (base 5) to base 9
-24
What is 10 (base 12) in base 2?
1100
111 (base 6) to base 10
43
-3 (base 6) to base 11
-3
Convert 222 (base 8) to base 7.
266
What is 2 (base 16) in base 3?
2
Convert -3d (base 14) to base 9.
-61
Convert 54 (base 8) to base 11.
40
Convert 7 (base 9) to base 3.
21
Convert -1111 (base 7) to base 8.
-620
-45 (base 12) to base 15
-38
What is 37 (base 10) in base 3?
1101
What is 1 (base 11) in base 6?
1
Convert -18 (base 10) to base 2.
-10010
What is 120 (base 3) in base 4?
33
3121 (base 4) to base 2
11011001
-1e (base 16) to base 11
-28
Convert 0 (base 2) to base 5.
0
What is 1201 (base 3) in base 11?
42
What is -3 (base 15) in base 10?
-3
What is 6 (base 15) in base 10?
6
What is 2 (base 12) in base 2?
10
Convert 8 (base 11) to base 5.
13
Convert 8 (base 15) to base 7.
11
-22 (base 6) to base 14
-10
Convert 33 (base 9) to base 13.
24
What is -62 (base 7) in base 11?
-40
61 (base 9) to base 14
3d
What is 1 (base 13) in base 4?
1
1030 (base 4) to base 7
136
3 (base 13) to base 16
3
What is -2 (base 15) in base 5?
-2
Convert 33 (base 15) to base 7.
66
Convert -53 (base 7) to base 5.
-123
What is -27 (base 8) in base 9?
-25
-47 (base 12) to base 4
-313
Convert 2 (base 4) to base 11.
2
4 (base 7) to base 5
4
What is 233 (base 7) in base 14?
8a
Convert 17 (base 11) to base 6.
30
Convert -b (base 13) to base 9.
-12
155 (base 11) to base 14
cd
What is 10110 (base 3) in base 12?
79
Convert -13 (base 7) to base 10.
-10
400 (base 5) to base 9
121
11 (base 4) to base 2
101
What is 5c (base 13) in base 6?
205
110 (base 3) to base 5
22
Convert 1101 (base 6) to base 16.
fd
What is -84 (base 11) in base 9?
-112
0 (base 10) to base 15
0
What is -4 (base 5) in base 10?
-4
104 (base 6) to base 14
2c
Convert 21 (base 5) to base 12.
b
Convert -100001 (base 2) to base 14.
-25
Convert -78 (base 12) to base 2.
-1011100
What is 7 (base 9) in base 5?
12
-1 (base 7) to base 10
-1
Convert -12 (base 3) to base 4.
-11
Convert -a3 (base 15) to base 5.
-1103
What is 3 (base 7) in base 14?
3
Convert -4 (base 11) to base 5.
-4
11012 (base 3) to base 6
305
-6 (base 13) to base 5
-11
What is -34 (base 7) in base 4?
-121
12 (base 6) to base 3
22
-3 (base 5) to base 13
-3
What is 45 (base 8) in base 9?
41
What is -151 (base 13) in base 3?
-22201
Convert 323 (base 7) to base 11.
13a
6 (base 13) to base 15
6
Convert -2c (base 16) to base 10.
-44
What is -4 (base 9) in base 11?
-4
What is 0 (base 11) in base 6?
0
-5c (base 14) to base 15
-57
What is -163 (base 7) in base 15?
-64
-1142 (base 5) to base 15
-b7
Convert -1 (base 12) to base 8.
-1
-205 (base 7) to base 14
-75
Convert b8 (base 15) to base 5.
1143
What is -15 (base 11) in base 4?
-100
Convert -3 (base 6) to base 9.
-3
Convert 13 (base 10) to base 2.
1101
3 (base 13) to base 12
3
Convert -2 (base 5) to base 11.
-2
-112 (base 4) to base 7
-31
Convert 3 (base 15) to base 10.
3
3 (base 11) to base 14
3
Convert -523 (base 7) to base 9.
-321
2011 (base 5) to base 10
256
What is -1 (base 9) in base 2?
-1
-10 (base 7) to base 2
-111
Convert 2 (base 16) to base 5.
2
3 (base 15) to base 4
3
Convert -111 (base 2) to base 11.
-7
What is 21 (base 3) in base 14?
7
6 (base 10) to base 12
6
What is 15 (base 13) in base 5?
33
-1 (base 12) to base 14
-1
Convert -72 (base 11) to base 4.
-1033
-100110 (base 2) to base 13
-2c
Convert 15 (base 9) to base 2.
1110
What is -16 (base 8) in base 6?
-22
What is -31 (base 5) in base 6?
-24
2 (base 4) to base 15
2
What is 66 (base 7) in base 13?
39
What is 31 (base 6) in base 3?
201
-2e (base 15) to base 5
-134
Convert 11100 (base 2) to base 15.
1d
-1 (base 16) to base 14
-1
-2 (base 5) to base 15
-2
-5 (base 13) to base 7
-5
What is 3 (base 15) in base 12?
3
Convert 5 (base 7) to base 15.
5
Convert 0 (base 12) to base 2.
0
Convert 100 (base 2) to base 5.
4
Convert 31 (base 13) to base 15.
2a
Convert 0 (base 14) to base 11.
0
What is 3 (base 5) in base 9?
3
Convert -b3 (base 13) to base 5.
-1041
5 (base 6) to base 8
5
-5 (base 11) to base 12
-5
-11 (base 3) to base 12
-4
Convert -6 (base 9) to base 7.
-6
What is 100110011 (base 2) in base 15?
157
Convert -4a (base 12) to base 2.
-111010
What is -2 (base 7) in base 4?
-2
2c (base 13) to base 15
28
Convert 17 (base 11) to base 4.
102
Convert a (base 12) to base 5.
20
Convert -1000 (base 2) to base 3.
-22
-30 (base 6) to base 11
-17
Convert -5 (base 7) to base 5.
-10
Convert 122 (base 6) to base 13.
3b
What is 8 (base 13) in base 14?
8
102 (base 4) to base 10
18
What is 10 (base 3) in base 15?
3
Convert 2 (base 6) to base 8.
2
Convert e (base 16) to base 6.
22
7 (base 9) to base 3
21
What is 0 (base 16) in base 9?
0
Convert 2102 (base 3) to base 14.
49
Convert -324 (base 7) to base 12.
-119
Convert -6 (base 10) to base 6.
-10
-100 (base 2) to base 14
-4
What is -4 (base 12) in base 9?
-4
Convert 5 (base 14) to base 15.
